40?
4
What is the units digit of 1860?
0
What is the units digit of 19731?
1
What is the units digit of 5082?
2
What is the thousands digit of 2764?
2
What is the hundreds digit of 1753?
7
What is the hundreds digit of 67095?
0
What is the hundreds digit of 283?
2
What is the tens digit of 2607?
0
What is the hundreds digit of 32294?
2
What is the thousands digit of 2227?
2
What is the tens digit of 1108?
0
What is the thousands digit of 1364?
1
What is the thousands digit of 6757?
6
What is the thousands digit of 30425?
0
What is the units digit of 17915?
5
What is the tens digit of 3340?
4
What is the tens digit of 10311?
1
What is the units digit of 14?
4
What is the tens digit of 87161?
6
What is the units digit of 10463?
3
What is the thousands digit of 96327?
6
What is the hundreds digit of 1149?
1
What is the thousands digit of 44397?
4
What is the hundreds digit of 12523?
5
What is the hundreds digit of 7806?
8
What is the thousands digit of 2437?
2
What is the hundreds digit of 2449?
4
What is the hundreds digit of 13324?
3
What is the hundreds digit of 26676?
6
What is the thousands digit of 2557?
2
What is the thousands digit of 16254?
6
What is the thousands digit of 8657?
8
What is the units digit of 46235?
5
What is the hundreds digit of 11509?
5
What is the thousands digit of 8856?
8
What is the units digit of 1003?
3
What is the hundreds digit of 1031?
0
What is the hundreds digit of 1435?
4
What is the tens digit of 41?
4
What is the thousands digit of 12007?
2
What is the thousands digit of 4153?
4
What is the tens digit of 7084?
8
What is the thousands digit of 39035?
9
What is the tens digit of 360?
6
What is the thousands digit of 17544?
7
What is the hundreds digit of 1877?
8
What is the thousands digit of 1580?
1
What is the tens digit of 2051?
5
What is the tens digit of 238?
3
What is the tens digit of 5867?
6
What is the units digit of 15485?
5
What is the tens digit of 33850?
5
What is the hundreds digit of 9298?
2
What is the units digit of 2513?
3
What is the tens digit of 4881?
8
What is the tens digit of 1407?
0
What is the thousands digit of 11280?
1
What is the thousands digit of 5820?
5
What is the ten thousands digit of 54143?
5
What is the tens digit of 942?
4
What is the units digit of 91?
1
What is the hundreds digit of 10136?
1
What is the thousands digit of 88808?
8
What is the ten thousands digit of 86828?
8
What is the tens digit of 553?
5
What is the hundreds digit of 878?
8
What is the units digit of 1498?
8
What is the tens digit of 22705?
0
What is the units digit of 370?
0
What is the hundreds digit of 5417?
4
What is the thousands digit of 5683?
5
What is the hundreds digit of 3453?
4
What is the thousands digit of 1656?
1
What is the units digit of 1021?
1
What is the thousands digit of 13681?
3
What is the ten thousands digit of 22850?
2
What is the tens digit of 25148?
4
What is the tens digit of 574?
7
What is the ten thousands digit of 12899?
1
What is the thousands digit of 151986?
1
What is the tens digit of 743?
4
What is the units digit of 7579?
9
What is the tens digit of 159?
5
What is the ten thousands digit of 72243?
7
What is the tens digit of 701?
0
What is the hundreds digit of 420?
4
What is the units digit of 1936?
6
What is the units digit of 2044?
4
What is the thousands digit of 13011?
3
What is the hundred thousands digit of 102557?
1
What is the units digit of 7938?
8
What is the units digit of 52244?
4
What is the units digit of 71072?
2
What is the thousands digit of 13787?
3
What is the ten thousands digit of 18965?
1
What is the units digit of 12537?
7
What is the ten thousands digit of 15422?
1
What is the units digit of 5244?
4
What is the ten thousands digit of 42124?
4
What is the ten thousands digit of 58460?
5
What is the hundreds digit of 62005?
0
What is the hundreds digit of 1472?
4
What is the units digit of 14750?
0
What is the units digit of 6182?
2
What is the hundreds digit of 1966?
9
What is the thousands digit of 4779?
4
What is the thousands digit of 98345?
8
What is the units digit of 290?
0
What is the tens digit of 93596?
9
What is the ten thousands digit of 101060?
0
What is the units digit of 72?
2
What is the units digit of 5821?
1
What is the thousands digit of 9701?
9
What is the units digit of 1063?
3
What is the thousands digit of 3696?
3
What is the tens digit of 2782?
8
What is the hundreds digit of 2407?
4
What is the ten thousands digit of 53462?
5
What is the units digit of 10222?
2
What is the tens digit of 64970?
7
What is the thousands digit of 4186?
4
What is the hundreds digit of 3131?
1
What is the tens digit of 31508?
0
What is the thousands digit of 2040?
2
What is the hundreds digit of 2192?
1
What is the units digit of 16390?
0
What is the hundreds digit of 698?
6
What is the units digit of 277?
7
What is the units digit of 4338?
8
What is the units digit of 2211?
1
What is the tens digit of 16320?
2
What is the units digit of 28754?
4
What is the hundreds digit of 11267?
2
What is the hundreds digit of 108?
1
What is the tens digit of 2138?
3
What is the hundreds digit of 3635?
6
What is the thousands digit of 2159?
2
What is the hundreds digit of 2212?
2
What is the tens digit of 4727?
2
What is the tens digit of 464?
6
What is the thousands digit of 22509?
2
What is the hundreds digit of 11116?
1
What is the tens digit of 1001?
0
What is the tens digit of 23362?
6
What is the units digit of 23?
3
What is the tens digit of 63504?
0
What is the tens digit of 6415?
1
What is the tens digit of 4160?
6
What is the tens digit of 228?
2
What is the units digit of 749?
9
What is the hundreds digit of 31544?
5
What is the thousands digit of 42769?
2
What is the hundreds digit of 508?
5
What is the hundreds digit of 10946?
9
What is the tens digit of 4050?
5
What is the units digit of 26?
6
What is the hundred thousands digit of 110949?
1
What is the units digit of 12315?
5
What is the units digit of 7723?
3
What is the units digit of 1130?
0
What is the units digit of 346?
6
What is the hundreds digit of 2357?
3
What is the ten thousands digit of 49606?
4
What is the hundreds digit of 2136?
1
What is the hundreds digit of 77225?
2
What is the thousands digit of 2010?
2
What is the hundreds digit of 985?
9
What is the thousands digit of 1026?
1
What is the tens digit of 3589?
8
What is the hundreds digit of 51428?
4
What is the units digit of 1289?
9
What is the thousands digit of 9279?
9
What is the hundreds digit of 578?
5
What is the hundreds digit of 4998?
9
What is the hundreds digit of 61696?
6
What is the tens digit of 2555?
5
What is the units digit of 55747?
7
What is the tens digit of 9695?
9
What is the tens digit of 31354?
5
What is the thousands digit of 1531?
1
What is the ten thousands digit of 44853?
4
What is the hundreds digit of 20033?
0
What is the hundreds digit of 118687?
6
What is the tens digit of 1711?
1
What is the units digit of 185?
5
What is the thousands digit of 1466?
1
What is the thousands digit of 6505?
6
What is the tens digit of 253?
5
What is the thousands digit of 23921?
3
What is the units digit of 9?
9
What is the thousands digit of 56004?
6
What is the thousands digit of 183493?
3
What is the tens digit of 2021?
2
What is the units digit of 3241?
1
What is the units digit of 5643?
3
What is the thousands digit of 9076?
9
What is the thousands digit of 7647?
7
What is the thousands digit of 1794?
1
What is the thousands digit of 2464?
2
What is the ten thousands digit of 25601?
2
What is the thousands digit of 32959?
2
What is the tens digit of 4896?
9
What is the units digit of 769?
9
What is the hundreds digit of 679?
6
What is the units digit of 6458?
8
What is the thousands digit of 38047?
8
What is the units digit of 969?
9
What is the tens digit of 113?
1
What is the tens digit of 191?
9
What is the units digit of 1994?
4
What is the tens digit of 19448?
4
What is the ten thousands digit of 145125?
4
What is the tens digit of 6776?
7
What is the units digit of 102125?
5
What is the hundreds digit of 2453?
4
What is the hundreds digit of 665?
6
What is the ten thousands digit of 77248?
7
What is the ten thousands digit of 21486?
2
What is the units digit of 7711?
1
What is the tens digi